ainder when t is divided by 46.
42
Suppose 0 = -4*j + 154 + 494. Let k = 38 + -75. Let q = -4 - k. What is the remainder when j is divided by q?
30
Suppose -8 = -3*v + 22. Suppose -265*a + 139 = -261*a + 3*c, -3*c + 55 = a. Calculate the remainder when a is divided by v.
8
Let w be -3 + 0 + (3 - 20). Let v = w + 30. Suppose 0 = 3*a + 5*t - 72 - 15, 0 = a - 5*t - 69. What is the remainder when a is divided by v?
9
Let v = 57 - 89. Let o be (-1)/(-2)*-8*-7. Let f = o - v. Calculate the remainder when f is divided by 21.
18
Suppose 8533 = 18*u - 11*u. Suppose -4*l + 1326 = f - 1067, 2*l + 5*f - u = 0. Calculate the remainder when l is divided by 24.
21
Suppose 0 = -4*j - 2*v + 62, 8*j - 12*j + 47 = 5*v. Let m be 8/2*9/12. Let f = m + j. Calculate the remainder when 77 is divided by f.
14
Let r(t) = t**2 + 144*t + 5592. Calculate the remainder when r(-113) is divided by 262.
255
Let f = -7742 + 7818. Calculate the remainder when 1063 is divided by f.
75
Suppose 3*i - 434 = -44. Suppose 141*r + i = 146*r. Calculate the remainder when 205 is divided by r.
23
Suppose -2391 = -25*g + 759. What is the remainder when 606 is divided by g?
102
Suppose -11*q + 8*q + 63 = 0. Let v = q + -13. What is the remainder when v is divided by 10/(-2)*(-24)/30?
0
Let p(c) = -c**2 + 13*c - 22. Let s(b) = -5*b**2 + 65*b - 110. Let x(z) = -11*p(z) + 2*s(z). What is the remainder when 75 is divided by x(12)?
5
Calculate the remainder when ((-5)/(30/138))/(1/(-7)) is divided by 82.
79
Suppose -102*y - 5336 + 14048 = -7200. Let t = 11 + -1. What is the remainder when y is divided by t?
6
Suppose 0 = -2*u - 5*n - 211, -5*u + 2*u = -3*n + 327. Let c = -92 - u. Calculate the remainder when 239 is divided by c.
15
Calculate the remainder when 202 is divided by ((-100)/(-35))/(6 - 624/105).
2
Let h be -3 + 5/(25/10) + 4. Suppose 0 = 5*t + f + 2*f - 1697, -h*f = -t + 343. Calculate the remainder when t is divided by 49.
46
Let h = 12 - -18. Suppose -h = -3*v - 6. Suppose -9 = -6*u + 15. Calculate the remainder when v is divided by u.
0
Suppose 0*l = 5*w + 5*l - 4795, -2902 = -3*w + 2*l. Calculate the remainder when w is divided by 336.
292
Suppose 8*m = 6*m - 3*u + 1279, 5*u = -15. Let h = -598 + m. Calculate the remainder when h is divided by 31.
15
Let f be (-16)/6*891/(-18). Suppose 3*g - 5*m + 94 = 0, 54 = -5*g + m - f. Let b = g + 45. Calculate the remainder when 27 is divided by b.
6
Let g(b) = -b + 7. Let q be g(5). Suppose -n = 28*m - 31*m - 83, n = 5*m + 97. What is the remainder when n is divided by (-16)/(3/(-6)*q)?
14
Let y(m) = 284*m + 1207. What is the remainder when y(0) is divided by 145?
47
Suppose 6 = 2*z, 10 = -i + 3*z - 1. Let d be i/(-3)*18/4. Let j(c) = 24*c**2 - 5*c + 8. Calculate the remainder when j(d) is divided by 30.
29
Let f(g) be the third derivative of 0*g - 3/2*g**3 + 0 + 1/24*g**4 + 5*g**2. Calculate the remainder when 38 is divided by f(22).
12
Let j be (5/((-15)/(-39)))/(1/23). Let b = 344 - j. What is the remainder when b is divided by 23?
22
What is the remainder when 1462 is divided by -46*(-2)/(-1)*(-128)/512?
13
Let p(v) = 25*v**2 + 2*v + 1. Calculate the remainder when p(-1) is divided by (10 - (0 - -3))/1.
3
Let y(d) = -13*d**3 - 2*d**2 - 2*d - 1. Calculate the remainder when ((-25350)/546 - -47)*(3506/4 + 2) is divided by y(-1).
10
Suppose -u = 3*u. Suppose 0 = -k - 2*a - 73, 3*a = -4*k - u*k - 297. Let q = 99 + k. What is the remainder when 70 is divided by q?
22
Suppose -9*b + 71 + 18 = -154. Calculate the remainder when 2212 is divided by b.
25
What is the remainder when 994 is divided by (138/(-9))/((-12)/90*5)?
5
What is the remainder when 128 is divided by 43/(43/(-12))*-9?
20
Let y be (2 - 8/6)/(40/60). Suppose y - 61 = -6*i. What is the remainder when 59 is divided by i?
9
Suppose -v = -7*v + 3*v. Suppose -14 - 13 = -h. Calculate the remainder when h is divided by (v + 3*-2)/(3/(-4)).
3
Let u = 4 + 7. Let w = u - 46. Let p = w - -51. Calculate the remainder when 47 is divided by p.
15
Suppose -35 = 4*i - 107. Suppose 2*h - 3*a - 16 - 29 = 0, 4*h = -5*a + 79. Calculate the remainder when h is divided by ((-3)/i)/(2/(-32))*3.
5
Let l(g) = g**3 + 6*g**2 + 6*g + 2. Let m(y) = -2*y**2 - 14*y + 7. Let a be m(-7). What is the remainder when (-1)/(a + 1560/(-222)) is divided by l(-4)?
7
Suppose 0 = -j - g + 4*g + 97, -585 = -5*j - 5*g. Suppose 229 = 4*s + 5*n, -34*s = -32*s + 2*n - j. What is the remainder when s is divided by 14?
9
Let i = 1269 + -1212. What is the remainder when 199 is divided by i?
28
Suppose 3*j = -5*g - 22, -34 = -3*j + 427*g - 425*g. Calculate the remainder when 10 is divided by j.
4
Suppose 0 = -10*x + 2*v + 64236, 0*x + 19290 = 3*x - 3*v. What is the remainder when x is divided by 402?
392
Suppose 3*q + 9 = -2*j + 24, -3 = 3*j - 4*q. Suppose -x + 5*x = 3*i - 130, -5*i = j*x - 236. What is the remainder when i is divided by 17?
12
Let f = -863 - -1011. Calculate the remainder when f is divided by 62.
24
Let y = 10427 - 10419. Suppose 4*w + 2*p = -3*p + 207, -2*w + 2*p + 126 = 0. Let f = w - 19. What is the remainder when f is divided by y?
7
Let p = -349 - -349. Let y(l) = 7*l**2 - l - 4. Let o be y(3). Suppose k + 4*t - o = 3*t, -2*k - 3*t + 108 = p. What is the remainder when k is divided by 16?
12
Let a = -429 - -433. What is the remainder when -9*((-29)/3)/1 is divided by (-8 - (-123)/6) + 2/a?
9
Let l(i) be the second derivative of -i**5/10 - 13*i**4/12 + 7*i**3/6 + 13*i**2/2 + 25*i. Calculate the remainder when 55 is divided by l(-7).
3
Suppose 211*g - 1520 = -24*g + 360. Calculate the remainder when 315 is divided by g.
3
Let r = -10917 + 10966. What is the remainder when 382 is divided by r?
39
Suppose -117*m = -112*m - 1830. Suppose -14*g = -2760 + m. Calculate the remainder when g is divided by 7.
3
Let w be (-1)/(-1) + 1 + 0/(-15). Suppose 2*i - t = -2*t + 15, -5*i + t = -34. Calculate the remainder when (2 - (-4 + w))*(-30)/(-12) is divided by i.
3
Let c = 722 + -376. Let g = c + -341. What is the remainder when 11 is divided by g?
1
Suppose -32*g = -34*g + 288. Let l = -113 + g. What is the remainder when 214 is divided by l?
28
Let v(p) = p**3 - 2*p**2 + 2*p - 2. Suppose 34*g - 32*g + 5*c - 40 = 0, 4*c = 5*g - 166. What is the remainder when g is divided by v(2)?
0
Let y be 1 + (3/9)/(2/12). Suppose -4*s + 42 = -j - 130, 2*j - 140 = -y*s. What is the remainder when 834 is divided by s?
42
Suppose -33*n + 30*n + 3 = 0. Let f(c) = 66*c + 2. Suppose 761*p + 54 = 764*p. Calculate the remainder when f(n) is divided by p.
14
Suppose -22*j + 51744 + 23709 = 14777. Calculate the remainder when j is divided by 46.
44
Let k = -4350 + 4367. Let s = 314 + -214. What is the remainder when s is divided by k?
15
Let m(l) be the third derivative of 0*l + 2/15*l**5 - 7/6*l**3 + 0*l**4 + 0 + 8*l**2. Calculate the remainder when m(-3) is divided by 14.
9
Suppose -137*j + 3 = -134*j, 0 = 3*g + 2*j - 1244. What is the remainder when g is divided by 13?
11
Let a = 6 + -1. Let i be 4 - (a + (-1 - 2)). Suppose i*w + 70 = 3*w. Calculate the remainder when w is divided by 18.
16
Suppose -3*r - 26 + 179 = 3*c, 0 = 5*r + 20. Suppose 47*y - c*y = -152. What is the remainder when 56 is divided by y?
18
Let l = 189 - 100. Suppose 54*n - 53*n - l = 0. Calculate the remainder when n is divided by 13.
11
Let m be (1 - (-9 + -2))*6/4. Suppose -5*o = -3*o - m. Calculate the remainder when 7*(-7)/(-147)*63 is divided by o.
3
Suppose -39*k + 16*k - 6*k = -725. What is the remainder when k is divided by 16?
9
Let g = 29 + -11. Suppose -543*x - 2586 + 8328 = -19611 - 16458. What is the remainder when x is divided by g?
5
Let z(c) = -3*c + 94. Let h be z(5). Let n(l) = -7*l - 21. What is the remainder when 2/(-2) + h - -1 is divided by n(-7)?
23
Let s(j) = 3*j**2 + 41*j + 30. What is the remainder when 187 is divided by s(0)?
7
Let z = 9679 + -6352. What is the remainder when z is divided by 71?
61
Let i(u) = u**3 - 6*u**2 + 9*u - 33. Suppose 4*q - 44 = -4*j, 5*q - 4*j - 17 + 7 = 0. What is the remainder when 60 is divided by i(q)?
18
Calculate the remainder when 4044 is divided by 157 - (4*(-1)/14 - (-297)/(-63)).
156
Let z(k) be the first derivative of k**4/2 - 3*k**3 + 11*k + 60. Calculate the remainder when z(7) is divided by 43.
